y w?
9
Let l be ((-216)/(-40))/(4*5/600). Suppose -i - l = -2*i - 4*s, 2*s = -3*i + 436. What is the remainder when i is divided by 37?
31
Let f be (-2)/(-2) - (0 + -1). Let k = 2123 + -2119. Suppose 0 = f*b, -k*x - 5*b + 180 = -0*x. What is the remainder when x is divided by 16?
13
Let k(d) = -582*d + 3927. Calculate the remainder when k(6) is divided by 56.
43
Let m(q) = 194*q**2 + 439*q - 439. Calculate the remainder when m(1) is divided by 37.
9
Suppose 0 = -3*s + 2*r - 17, 4*r - r = s + 15. Let q be (1/s - 7/(-21))/(-2). Suppose 4*n + n - 265 = q. Calculate the remainder when n is divided by 14.
11
Suppose 3*p = -5*m + 348 + 750, 5*p = -2*m + 1849. Suppose 2*w = -t - 2*t + 28, 35 = 2*t - w. Calculate the remainder when p is divided by t.
7
Let l be (-40)/((5 - 3) + 1 + -2). What is the remainder when (-18)/48 + (-1935)/l is divided by 17?
14
Suppose 4*g - 191 + 179 = 0. Suppose -i - g*q + 31 = 0, -4 = i - q - 15. What is the remainder when 46 is divided by i?
14
Let m(x) = -6*x + 530. What is the remainder when m(54) is divided by 52?
50
Suppose 192 = 6*a + 216. Let z(y) = y - 9. Let m(x) = -x - 1. Let t(l) = -2*m(l) - z(l). Calculate the remainder when 25 is divided by t(a).
4
Let j(c) = 2*c**3 - 30*c**2 - 24*c + 295. Calculate the remainder when j(16) is divided by 106.
105
Suppose 4*w + 49*p = 51*p + 2950, -2*w = p - 1477. What is the remainder when w is divided by 77?
45
Let w(j) = j**3 - 3*j**2 + 62*j - 243. Calculate the remainder when 184 is divided by w(4).
16
Let f(t) be the first derivative of t**4/2 + 5*t**3/3 - 5*t**2 - 6*t - 76. Calculate the remainder when 374 is divided by f(3).
59
Let m(r) = 2*r**3 - 18*r**2 + 131*r - 44. What is the remainder when m(6) is divided by 31?
30
Suppose 9 = -3*z + 21. Suppose -6*o + 2*o = -z*d + 80, o = -2*d + 46. What is the remainder when (-354)/(-9)*9/6 is divided by d?
15
Suppose 4*l - 2*z = -7*z + 2, 2*l - 14 = 4*z. Suppose 0 = l*b - 100 - 233. Suppose b = -3*k + 600. What is the remainder when k is divided by 41?
40
Suppose 0 = -3*k - 2*k + 350. Let f(a) = -8*a**2 - 41*a - 18. Calculate the remainder when k is divided by f(-1).
10
Let v(k) = k**2 - 36*k + 44. Let w be v(35). Suppose 0 = 3*s - w*s + 150. Calculate the remainder when s is divided by 9.
7
Suppose 0*a - 87*a + 11825 = 3734. What is the remainder when 1317 is divided by a?
15
Let l be 1 + (-940)/24 + 3/18. Let m = 276 + l. Calculate the remainder when m is divided by 63.
49
Suppose -96 = 2*a - 486. Calculate the remainder when 1354 is divided by a.
184
Let k be 3*(-2)/(9 - 11). Suppose -4*v + k*v = -11. Let l(a) = a**3 + 8*a**2 + 2*a. Calculate the remainder when l(-6) is divided by v.
5
Let r = 5900 - 5668. Calculate the remainder when 416 is divided by r.
184
Suppose 2068 + 2638 = -6*d + 32*d. What is the remainder when 575 is divided by d?
32
Calculate the remainder when (-30)/(-9)*(-5)/(250/(-960)) is divided by 1.
0
Let x = -13 - -15. Suppose 0*f + 2410 = 5*f - x*d, 0 = 4*f + 3*d - 1951. Calculate the remainder when (-1)/((-246)/f + (-3)/(-6)) is divided by 42.
37
Let h(c) = -2*c + 25. Suppose -2*b = b - 18. Suppose 133 = -b*w - w. What is the remainder when h(w) is divided by 13?
11
Let w = -28950 + 28972. Suppose -2*q + 325 = 3*q. Calculate the remainder when q is divided by w.
21
Let b = -1 - -7. Let d(k) = 134*k**2 + 41*k + 49. Calculate the remainder when d(-1) is divided by b.
4
Suppose 0 = 19*f - 15*f - 296. Let l = -70 + f. Suppose -68 = -p - 56. Calculate the remainder when p is divided by l.
0
Let d(h) = 9*h**2 + 6*h - 45. Let t be d(4). Suppose t = 11*w - 86. Calculate the remainder when 73 is divided by w.
16
Suppose -8*o + 12*o = 0, 0 = q + 5*o - 344. Calculate the remainder when q is divided by ((-58)/(-6))/((-3)/(-27)).
83
Suppose 0 = -5*s + 349 - 314. What is the remainder when 710 is divided by s?
3
Let s(h) = 5*h**3 - 3*h**2 - 2*h + 2. Let r be s(-1). What is the remainder when (-2)/(8/((-544)/(-270)) + r) is divided by 28?
12
Let j(t) be the third derivative of -7*t**4/24 - 2*t**3/3 + t**2. Suppose 48*s - 3264 = 144. Calculate the remainder when s is divided by j(-4).
23
Suppose 0 = 4*v + 379 - 355, 4*v = 3*a - 1212. What is the remainder when a is divided by 69?
51
Suppose -3*w + 2*t = -240, -20*t = -2*w - 18*t + 164. What is the remainder when 301 is divided by w?
73
Suppose -4*r + 3*d = -75, -4*d + 40 = r - 9*d. Let w(h) = -186 - 174 + h**2 + 330 - 42*h + 0*h**2. What is the remainder when w(44) is divided by r?
13
Let f(y) = -2*y + 40. Let l be f(18). Suppose 16 = -l*k, o - 2*o - k = 10. Calculate the remainder when 37 is divided by 4/o - (-112)/24.
1
What is the remainder when 7598 is divided by (20*(-25)/(-10))/(0/3 + 2)?
23
Suppose 7374*p - 7382*p = -2272. What is the remainder when p is divided by 89?
17
Let z(t) = -1 + 3 - t + 0*t. Let w(l) = 2*l**3 - 77*l**2 - 3443*l - 111. What is the remainder when w(65) is divided by z(-4)?
1
Let p be 4/(2/2 + -2). Suppose 0 = 5*q + 4*c + 22, 0*c + 5*c + 14 = -4*q. Calculate the remainder when 27 is divided by (-30)/(p - (q - -4)).
12
Suppose -n + 199 = -2*t, -2*n + 0*t - 3*t = -433. Let h = n - 184. Calculate the remainder when 140 is divided by h.
15
Let p = 7 - 18. Let u(z) = z + 18. Let r be u(p). Suppose -3*t + 56 = -r. Calculate the remainder when 40 is divided by t.
19
Suppose -554 = 9*n - 581. What is the remainder when 12 is divided by n?
0
Suppose -29 = -2*b - 9. Suppose 3*i = -2*i - 5*c - 25, -i + 4*c = 25. Let h = 24 + i. What is the remainder when h is divided by b?
5
Suppose -3*b + 525 = -5*a, 11*b + 3*a - 1864 = a. Calculate the remainder when b is divided by (3 + -1)/((-5)/(-55)).
16
Suppose -u + 1 = -3. Suppose 219 = u*x + 39. Let i = 14475 + -14461. Calculate the remainder when x is divided by i.
3
Let d = -6 - -24. Let t = 21 - 21. Suppose -24*g + 19*g + 65 = t. Calculate the remainder when d is divided by g.
5
Let n be ((-26)/(-3))/(10/(-30)). Let f = n - -153. Suppose -3*v + v + 2*i = -56, -152 = -5*v + 2*i. Calculate the remainder when f is divided by v.
31
Let j = -39 + 42. Suppose -4*y + k = -j*k - 680, -y + 172 = -3*k. Suppose -5*p + y + 71 = 0. Calculate the remainder when p is divided by 17.
14
Let q(g) = -21*g**2 - g + 1. Let l be q(1). Let u = l + 37. Suppose -5*w + 44 = 14. Calculate the remainder when u is divided by w.
4
Let n = 2230 - 2156. Calculate the remainder when 303 is divided by n.
7
Suppose 35 + 260 = -5*w. Let j = w + 108. Suppose 0 = 2*n - 3*r - 52, -n - 4*r + j = 12. Calculate the remainder when 55 is divided by n.
26
Calculate the remainder when 2/14 + 7410/70 is divided by (-55)/44*-16*9/5.
34
Let r(k) = 4*k**3 - k**2 - 5*k + 2. Let d be r(2). Suppose -d*v + 24 = -16*v. Calculate the remainder when (8/v)/(9/729) is divided by 22.
20
Suppose 3*r - t - 40 = 0, 2*r - 28 = 4*t - 3*t. Suppose -3*n - 5*b - r = 0, 4*b = -0 - 12. What is the remainder when 8 is divided by 1 + n + -10 + 11?
2
Suppose -5*g = -3*f - 2241, 8*g - 5*f + 1778 = 12*g. Calculate the remainder when g is divided by 56.
55
What is the remainder when (-18)/21 + (-47592)/(-56) + 5 is divided by 147?
119
Let m(u) = 2*u**2 - 6*u - 14. Suppose 2*j - 6 - 14 = -4*l, -26 = -5*j + 2*l. Suppose -5*w + 3*w = -8. What is the remainder when m(j) is divided by w?
2
Let q(a) = 133*a - 8985. Calculate the remainder when q(141) is divided by 362.
356
Let q be 1*9/(-9) + (-8)/(-2). Suppose q + 78 = 9*j. Calculate the remainder when 24 is divided by j.
6
Suppose v - 931 = -3*w, -11*w + 15*w - 1228 = -4*v. Calculate the remainder when w is divided by 96.
24
Suppose 312*y + 520 = 317*y. Suppose 0 = -3*w + y - 53. What is the remainder when 48 is divided by w?
14
Let j = -537 + 540. Suppose -4*f + a = -3*f - 49, -j*f - a = -127. Calculate the remainder when f is divided by 8.
4
Let k = 12726 + -11933. Calculate the remainder when k is divided by 134.
123
Suppose 0 = 7*g - 24 + 3. What is the remainder when 4*(-1)/(8/(-8)) is divided by g?
1
Suppose -3*p - 4*z + 7*z + 24 = 0, -2*z = 2*p + 4. Let o = 932 - 927. Suppose p*v - 7 = -2*s - 2, -s + o = 2*v. Calculate the remainder when 13 is divided by v.
3
Suppose -170 = k + 2*x - 218, -42 = -k + x. What is the remainder when 1361 is divided by k?
41
Let w(p) = 3*p**2 - 17*p + 35. Let k be (-11)/(66/(-30)) + -2. What is